vided by 341.
333
What is the remainder when 69531 is divided by 5347?
20
What is the remainder when 28483 is divided by 202?
1
Calculate the remainder when 19026 is divided by 9506.
14
What is the remainder when 37934 is divided by 6320?
14
What is the remainder when 10500 is divided by 15?
0
Calculate the remainder when 4598 is divided by 107.
104
What is the remainder when 21678 is divided by 10802?
74
What is the remainder when 211679 is divided by 245?
244
Calculate the remainder when 12409 is divided by 189.
124
What is the remainder when 4993 is divided by 438?
175
What is the remainder when 322198 is divided by 14?
2
What is the remainder when 82049 is divided by 28?
9
What is the remainder when 221078 is divided by 1546?
0
What is the remainder when 251210 is divided by 447?
443
Calculate the remainder when 2550573 is divided by 7.
4
Calculate the remainder when 35152 is divided by 4392.
16
What is the remainder when 3852 is divided by 3815?
37
Calculate the remainder when 168139 is divided by 31.
26
What is the remainder when 95009 is divided by 20?
9
Calculate the remainder when 15201 is divided by 5067.
0
Calculate the remainder when 36530 is divided by 12176.
2
What is the remainder when 24623 is divided by 6154?
7
What is the remainder when 17956 is divided by 3112?
2396
Calculate the remainder when 4873 is divided by 699.
679
What is the remainder when 1475108 is divided by 1062?
1052
Calculate the remainder when 311377 is divided by 1149.
1147
What is the remainder when 805 is divided by 337?
131
Calculate the remainder when 2743 is divided by 30.
13
Calculate the remainder when 3777172 is divided by 13.
9
What is the remainder when 35216 is divided by 108?
8
What is the remainder when 2201 is divided by 1068?
65
What is the remainder when 95441 is divided by 23857?
13
What is the remainder when 30286 is divided by 13?
9
Calculate the remainder when 957166 is divided by 272.
270
Calculate the remainder when 64688 is divided by 8.
0
Calculate the remainder when 94173 is divided by 94164.
9
What is the remainder when 82356 is divided by 438?
12
What is the remainder when 26782 is divided by 67?
49
What is the remainder when 139037 is divided by 69502?
33
What is the remainder when 1081 is divided by 132?
25
Calculate the remainder when 119162 is divided by 44.
10
Calculate the remainder when 3404 is divided by 566.
8
Calculate the remainder when 1894 is divided by 45.
4
What is the remainder when 58050 is divided by 46?
44
What is the remainder when 1122 is divided by 278?
10
What is the remainder when 7494 is divided by 12?
6
What is the remainder when 5659 is divided by 134?
31
What is the remainder when 20715 is divided by 37?
32
Calculate the remainder when 827023 is divided by 413507.
9
Calculate the remainder when 68173 is divided by 240.
13
What is the remainder when 6948 is divided by 434?
4
What is the remainder when 498 is divided by 55?
3
Calculate the remainder when 34336 is divided by 177.
175
What is the remainder when 1679 is divided by 38?
7
What is the remainder when 3012 is divided by 10?
2
What is the remainder when 848729 is divided by 190?
189
Calculate the remainder when 18327 is divided by 463.
270
Calculate the remainder when 28756 is divided by 80.
36
What is the remainder when 2182 is divided by 1440?
742
What is the remainder when 36369 is divided by 7?
4
What is the remainder when 20384 is divided by 3951?
629
What is the remainder when 533 is divided by 11?
5
What is the remainder when 4612 is divided by 4345?
267
What is the remainder when 1910 is divided by 134?
34
Calculate the remainder when 690 is divided by 607.
83
What is the remainder when 40586 is divided by 369?
365
Calculate the remainder when 476 is divided by 475.
1
What is the remainder when 8036 is divided by 1?
0
What is the remainder when 3991 is divided by 3990?
1
Calculate the remainder when 121139 is divided by 229.
227
What is the remainder when 544835 is divided by 18?
11
Calculate the remainder when 541002 is divided by 2665.
7
Calculate the remainder when 2214 is divided by 31.
13
Calculate the remainder when 1494971 is divided by 25.
21
What is the remainder when 661004 is divided by 333?
332
What is the remainder when 18879585 is divided by 678?
675
Calculate the remainder when 94048 is divided by 285.
283
What is the remainder when 48138 is divided by 24059?
20
What is the remainder when 43289 is divided by 1442?
29
Calculate the remainder when 24703 is divided by 35.
28
What is the remainder when 2605 is divided by 127?
65
What is the remainder when 11616 is divided by 5076?
1464
What is the remainder when 4823 is divided by 97?
70
What is the remainder when 85339 is divided by 153?
118
What is the remainder when 20843 is divided by 386?
385
Calculate the remainder when 282036 is divided by 282019.
17
Calculate the remainder when 15252 is divided by 113.
110
What is the remainder when 345539 is divided by 195?
194
Calculate the remainder when 6856 is divided by 1244.
636
What is the remainder when 3101 is divided by 47?
46
What is the remainder when 12592 is divided by 662?
14
Calculate the remainder when 327595 is divided by 81892.
27
What is the remainder when 12757 is divided by 12729?
28
Calculate the remainder when 264339 is divided by 33037.
43
What is the remainder when 457 is divided by 120?
97
Calculate the remainder when 970 is divided by 87.
13
What is the remainder when 16593 is divided by 8280?
33
What is the remainder when 238293 is divided by 139?
47
Calculate the remainder when 1041 is divided by 249.
45
What is the remainder when 15699 is divided by 19?
5
Calculate the remainder when 12051 is divided by 3008.
19
What is the remainder when 8240 is divided by 2743?
11
Calculate the remainder when 729 is divided by 76.
45
What is the remainder when 79019 is divided by 545?
539
Calculate the remainder when 10948 is divided by 17.
0
What is the remainder when 645592 is divided by 215197?
1
What is the remainder when 213082 is divided by 226?
190
What is the remainder when 34728 is divided by 3858?
6
What is the remainder when 1982308 is divided by 330?
328
Calculate the remainder when 3051 is divided by 998.
57
Calculate the remainder when 438383 is divided by 39852.
11
Calculate the remainder when 319 is divided by 249.
70
Calculate the remainder when 7050 is divided by 320.
10
Calculate the remainder when 91768 is divided by 95.
93
What is the remainder when 236212 is divided by 485?
17
Calculate the remainder when 23886 is divided by 556.
534
What is the remainder when 504 is divided by 17?
11
Calculate the remainder when 4247 is divided by 843.
32
Calculate the remainder when 77798 is divided by 389.
387
What is the remainder when 2119 is divided by 94?
51
Calculate the remainder when 19871 is divided by 16.
15
What is the remainder when 74897 is divided by 114?
113
Calculate the remainder when 459312 is divided by 803.
799
What is the remainder when 2846 is divided by 289?
245
Calculate the remainder when 394908 is divided by 82.
78
What is the remainder when 15076 is divided by 538?
12
What is the remainder when 2029 is divided by 559?
352
Calculate the remainder when 104485 is divided by 61.
53
Calculate the remainder when 1031 is divided by 752.
279
What is the remainder when 61130 is divided by 20376?
2
What is the remainder when 1588 is divided by 524?
16
What is the remainder when 10041 is divided by 10015?
26
What is the remainder when 17564 is divided by 627?
8
Calculate the remainder when 502003 is divided by 21.
19
What is the remainder when 4168 is divided by 299?
281
What is the remainder when 683 is divided by 257?
169
Calculate the remainder when 6025 is divided by 137.
134
Calculate the remainder when 12007 is divided by 5932.
143
Calculate the remainder when 91 is divided by 8.
3
What is the remainder when 133470 is divided by 22245?
0
Calculate the remainder when 116278 is divided by 380.
378
What is the remainder when 11373 is divided by 51?
0
Calculate the remainder when 58802 is divided by 14700.
2
Calculate the remainder when 33440 is divided by 155.
115
Calculate the remainder when 5679 is divided by 26.
11
What is the remainder when 4406 is divided by 766?
576
What is the remaind